inder when 5351 is divided by 358?
339
Calculate the remainder when 187217 is divided by 62398.
23
What is the remainder when 10534 is divided by 2052?
274
Calculate the remainder when 63682 is divided by 213.
208
Calculate the remainder when 23820 is divided by 1057.
566
Calculate the remainder when 1347 is divided by 143.
60
Calculate the remainder when 80542 is divided by 4027.
2
Calculate the remainder when 79267 is divided by 1582.
167
What is the remainder when 425623 is divided by 118?
115
Calculate the remainder when 1143889 is divided by 262.
259
Calculate the remainder when 915 is divided by 181.
10
Calculate the remainder when 128269 is divided by 897.
895
Calculate the remainder when 38995 is divided by 684.
7
What is the remainder when 40544 is divided by 153?
152
What is the remainder when 3233 is divided by 22?
21
Calculate the remainder when 20238 is divided by 6734.
36
What is the remainder when 2660 is divided by 115?
15
Calculate the remainder when 3735 is divided by 1819.
97
What is the remainder when 44717 is divided by 22206?
305
Calculate the remainder when 109294 is divided by 23.
21
Calculate the remainder when 706 is divided by 315.
76
What is the remainder when 8444 is divided by 1347?
362
Calculate the remainder when 22618 is divided by 20.
18
Calculate the remainder when 85869 is divided by 5050.
19
What is the remainder when 5133 is divided by 123?
90
What is the remainder when 563382 is divided by 29?
28
What is the remainder when 29542 is divided by 222?
16
What is the remainder when 12682 is divided by 215?
212
What is the remainder when 15357 is divided by 24?
21
What is the remainder when 25244 is divided by 765?
764
What is the remainder when 8256 is divided by 212?
200
Calculate the remainder when 588 is divided by 9.
3
What is the remainder when 281182 is divided by 140580?
22
Calculate the remainder when 24781 is divided by 97.
46
What is the remainder when 282252 is divided by 2188?
0
Calculate the remainder when 8041 is divided by 1597.
56
Calculate the remainder when 22871 is divided by 2279.
81
Calculate the remainder when 9059 is divided by 394.
391
What is the remainder when 57783 is divided by 814?
803
Calculate the remainder when 145260 is divided by 18154.
28
Calculate the remainder when 12372 is divided by 4109.
45
What is the remainder when 1814 is divided by 356?
34
What is the remainder when 93750 is divided by 46865?
20
Calculate the remainder when 609987 is divided by 15.
12
What is the remainder when 60354 is divided by 89?
12
What is the remainder when 10925 is divided by 5431?
63
What is the remainder when 522127 is divided by 259?
242
Calculate the remainder when 64038 is divided by 8.
6
What is the remainder when 179223 is divided by 1042?
1041
What is the remainder when 290631 is divided by 107?
19
What is the remainder when 3780 is divided by 340?
40
Calculate the remainder when 5906 is divided by 256.
18
Calculate the remainder when 60615 is divided by 189.
135
What is the remainder when 10299 is divided by 3341?
276
Calculate the remainder when 2299245 is divided by 18.
15
Calculate the remainder when 39212 is divided by 4355.
17
What is the remainder when 2064 is divided by 71?
5
What is the remainder when 3588 is divided by 1480?
628
Calculate the remainder when 1223 is divided by 242.
13
Calculate the remainder when 9604 is divided by 184.
36
Calculate the remainder when 1407 is divided by 651.
105
What is the remainder when 480 is divided by 170?
140
Calculate the remainder when 171 is divided by 162.
9
Calculate the remainder when 37821 is divided by 347.
345
Calculate the remainder when 5178 is divided by 1427.
897
What is the remainder when 19761 is divided by 6584?
9
What is the remainder when 15739 is divided by 650?
139
Calculate the remainder when 2790 is divided by 1337.
116
Calculate the remainder when 61196 is divided by 2545.
116
What is the remainder when 2474 is divided by 847?
780
Calculate the remainder when 15912 is divided by 2271.
15
Calculate the remainder when 37584 is divided by 6260.
24
Calculate the remainder when 17202 is divided by 3.
0
Calculate the remainder when 76538 is divided by 135.
128
Calculate the remainder when 638 is divided by 67.
35
What is the remainder when 144533 is divided by 36130?
13
What is the remainder when 977 is divided by 240?
17
Calculate the remainder when 33369 is divided by 22.
17
Calculate the remainder when 3245 is divided by 1075.
20
What is the remainder when 199729 is divided by 170?
149
What is the remainder when 2913 is divided by 1172?
569
What is the remainder when 95723 is divided by 46?
43
Calculate the remainder when 2158 is divided by 437.
410
What is the remainder when 11048 is divided by 1004?
4
Calculate the remainder when 11810 is divided by 330.
260
What is the remainder when 3989 is divided by 306?
11
What is the remainder when 3722031 is divided by 4?
3
What is the remainder when 5793 is divided by 964?
9
What is the remainder when 112775 is divided by 117?
104
What is the remainder when 9500 is divided by 43?
40
Calculate the remainder when 1382274 is divided by 14.
12
What is the remainder when 124281 is divided by 102?
45
Calculate the remainder when 36213 is divided by 19.
18
What is the remainder when 371 is divided by 106?
53
Calculate the remainder when 145085 is divided by 63.
59
What is the remainder when 1464 is divided by 80?
24
What is the remainder when 2747 is divided by 213?
191
Calculate the remainder when 28667 is divided by 142.
125
Calculate the remainder when 9958 is divided by 1920.
358
Calculate the remainder when 5346 is divided by 51.
42
What is the remainder when 12271362 is divided by 959?
957
What is the remainder when 23102 is divided by 5?
2
What is the remainder when 32188 is divided by 68?
24
Calculate the remainder when 12679 is divided by 457.
340
Calculate the remainder when 348029 is divided by 17401.
9
Calculate the remainder when 40732 is divided by 1552.
380
What is the remainder when 7445 is divided by 1588?
1093
What is the remainder when 20300 is divided by 677?
667
Calculate the remainder when 642815 is divided by 256.
255
What is the remainder when 1092 is divided by 538?
16
What is the remainder when 73014 is divided by 399?
396
Calculate the remainder when 31572 is divided by 427.
401
What is the remainder when 9242 is divided by 839?
13
Calculate the remainder when 179 is divided by 65.
49
What is the remainder when 366682 is divided by 753?
724
What is the remainder when 160619 is divided by 907?
80
What is the remainder when 1472199 is divided by 15?
9
Calculate the remainder when 16600 is divided by 8292.
16
Calculate the remainder when 6573 is divided by 1089.
39
Calculate the remainder when 752538 is divided by 2928.
42
What is the remainder when 3775 is divided by 1879?
17
What is the remainder when 3510 is divided by 3449?
61
What is the remainder when 10470 is divided by 38?
20
What is the remainder when 27037 is divided by 9005?
22
Calculate the remainder when 55496 is divided by 11099.
1
Calculate the remainder when 48130 is divided by 11949.
334
Calculate the remainder when 13606 is divided by 139.
123
What is the remainder when 8699 is divided by 2172?
11
What is the remainder when 46240 is divided by 42?
40
What is the remainder when 143369 is divided by 198?
17
What is the remainder when 31958 is divided by 1005?
803
What is the remainder when 117102 is divided by 11?
7
What is the remainder when 434552 is divided by 15?
2
Calculate the remainder when 243 is divided by 157.
86
Calculate the remainder when 472834 is divided by 26.
24
Calculate the remainder when 29614 is divided by 2948.
134
What is the remainder when 1726 is divided by 50?
26
Calculate the remainder when 8757 is divided by 11.
1
Calculate the remainder when 14478 is divided by 858.
750
Calculate the remainder when 1566 is divided by 44.
26
Calculate the remainder when 27296 is divided by 2274.
8
What is the remainder when 386995 is divided by 23?
20
What is the remainder when 18964 is divided by 9464?
36
What is the remainder when 2735 is divided by 901?
32
Calculate the remainder when 96284 is divided by 17.
13
Calculate the remainder when 5937 is divided by 743.
736
Calcu